{"id":89,"date":"2025-11-04T22:44:46","date_gmt":"2025-11-04T22:44:46","guid":{"rendered":"https:\/\/hatarakinihongo.com\/?page_id=89"},"modified":"2025-12-10T15:52:17","modified_gmt":"2025-12-10T15:52:17","slug":"tieng-nhat-business","status":"publish","type":"page","link":"https:\/\/hatarakinihongo.com\/?page_id=89","title":{"rendered":"Ti\u1ebfng Nh\u1eadt business"},"content":{"rendered":"\n<h1 class=\"wp-block-heading has-text-align-center has-text-color has-link-color has-merriweather-font-family wp-elements-4bfdafbaba83e9b8fb9f531789a9f3da\" style=\"color:#323232;margin-top:50px;margin-right:0;margin-bottom:20px;margin-left:0;font-size:clamp(1.743rem, 1.743rem + ((1vw - 0.2rem) * 1.972), 3rem);line-height:1.5\">Ti\u1ebfng Nh\u1eadt business  <\/h1>\n\n\n\n<div class=\"wp-block-columns alignwide is-layout-flex wp-container-core-columns-is-layout-28f84493 wp-block-columns-is-layout-flex\">\n<div class=\"wp-block-column is-layout-flow wp-block-column-is-layout-flow\" style=\"flex-basis:20%\">\n<div class=\"wp-block-group has-border-color has-global-padding is-content-justification-left is-layout-constrained wp-container-core-group-is-layout-8d7865d6 wp-block-group-is-layout-constrained\" style=\"border-color:#b4ba8f;border-width:1px;border-radius:12px;min-height:200px;padding-top:var(--wp--preset--spacing--20);padding-right:0;padding-bottom:var(--wp--preset--spacing--20);padding-left:5px\"><nav style=\"color: #323232;\" class=\"has-text-color is-responsive  is-vertical wp-block-navigation has-manrope-font-family is-layout-flex wp-container-core-navigation-is-layout-b6775ab2 wp-block-navigation-is-layout-flex\" aria-label=\"Footer menu 2\" \n\t\t data-wp-interactive=\"core\/navigation\" data-wp-context='{\"overlayOpenedBy\":{\"click\":false,\"hover\":false,\"focus\":false},\"type\":\"overlay\",\"roleAttribute\":\"\",\"ariaLabel\":\"Menu\"}'><button aria-haspopup=\"dialog\" aria-label=\"Open menu\" class=\"wp-block-navigation__responsive-container-open\" \n\t\t\t\tdata-wp-on--click=\"actions.openMenuOnClick\"\n\t\t\t\tdata-wp-on--keydown=\"actions.handleMenuKeydown\"\n\t\t\t><svg width=\"24\" height=\"24\" xmlns=\"http:\/\/www.w3.org\/2000\/svg\" viewBox=\"0 0 24 24\" aria-hidden=\"true\" focusable=\"false\"><path d=\"M4 7.5h16v1.5H4z\"><\/path><path d=\"M4 15h16v1.5H4z\"><\/path><\/svg><\/button>\n\t\t\t\t<div class=\"wp-block-navigation__responsive-container\"  id=\"modal-1\" \n\t\t\t\tdata-wp-class--has-modal-open=\"state.isMenuOpen\"\n\t\t\t\tdata-wp-class--is-menu-open=\"state.isMenuOpen\"\n\t\t\t\tdata-wp-watch=\"callbacks.initMenu\"\n\t\t\t\tdata-wp-on--keydown=\"actions.handleMenuKeydown\"\n\t\t\t\tdata-wp-on--focusout=\"actions.handleMenuFocusout\"\n\t\t\t\ttabindex=\"-1\"\n\t\t\t>\n\t\t\t\t\t<div class=\"wp-block-navigation__responsive-close\" tabindex=\"-1\">\n\t\t\t\t\t\t<div class=\"wp-block-navigation__responsive-dialog\" \n\t\t\t\tdata-wp-bind--aria-modal=\"state.ariaModal\"\n\t\t\t\tdata-wp-bind--aria-label=\"state.ariaLabel\"\n\t\t\t\tdata-wp-bind--role=\"state.roleAttribute\"\n\t\t\t>\n\t\t\t\t\t\t\t<button aria-label=\"Close menu\" class=\"wp-block-navigation__responsive-container-close\" \n\t\t\t\tdata-wp-on--click=\"actions.closeMenuOnClick\"\n\t\t\t><svg xmlns=\"http:\/\/www.w3.org\/2000\/svg\" viewBox=\"0 0 24 24\" width=\"24\" height=\"24\" aria-hidden=\"true\" focusable=\"false\"><path d=\"m13.06 12 6.47-6.47-1.06-1.06L12 10.94 5.53 4.47 4.47 5.53 10.94 12l-6.47 6.47 1.06 1.06L12 13.06l6.47 6.47 1.06-1.06L13.06 12Z\"><\/path><\/svg><\/button>\n\t\t\t\t\t\t\t<div class=\"wp-block-navigation__responsive-container-content\" \n\t\t\t\tdata-wp-watch=\"callbacks.focusFirstElement\"\n\t\t\t id=\"modal-1-content\">\n\t\t\t\t\t\t\t\t<ul style=\"color: #323232;\" class=\"wp-block-navigation__container has-text-color is-responsive  is-vertical wp-block-navigation has-manrope-font-family\"><li class=\" wp-block-navigation-item wp-block-navigation-link has-manrope-font-family\"><a class=\"wp-block-navigation-item__content\"  href=\"https:\/\/hatarakinihongo.com\/?page_id=89\"><span class=\"wp-block-navigation-item__label\">Ti\u1ebfng Nh\u1eadt business<\/span><\/a><\/li><li class=\" wp-block-navigation-item wp-block-navigation-link\"><a class=\"wp-block-navigation-item__content\"  href=\"https:\/\/hatarakinihongo.com\/?page_id=86\"><span class=\"wp-block-navigation-item__label\">Ti\u1ebfng Nh\u1eadt IT<\/span><\/a><\/li><li class=\" wp-block-navigation-item wp-block-navigation-link\"><a class=\"wp-block-navigation-item__content\"  href=\"https:\/\/hatarakinihongo.com\/?page_id=92\"><span class=\"wp-block-navigation-item__label\">L\u00e0m vi\u1ec7c v\u00e0 Giao ti\u1ebfp ki\u1ec3u Nh\u1eadt<\/span><\/a><\/li><li class=\" wp-block-navigation-item wp-block-navigation-link\"><a class=\"wp-block-navigation-item__content\"  href=\"https:\/\/hatarakinihongo.com\/?page_id=95\"><span class=\"wp-block-navigation-item__label\">About<\/span><\/a><\/li><\/ul>\n\t\t\t\t\t\t\t<\/div>\n\t\t\t\t\t\t<\/div>\n\t\t\t\t\t<\/div>\n\t\t\t\t<\/div><\/nav><\/div>\n<\/div>\n\n\n\n<div class=\"wp-block-column is-layout-flow wp-block-column-is-layout-flow\" style=\"padding-bottom:30px;flex-basis:80%\">\n<p class=\"has-text-color has-link-color has-manrope-font-family wp-elements-8cfda7a079563ffac663baf949898297\" style=\"color:#323232;font-size:clamp(0.984rem, 0.984rem + ((1vw - 0.2rem) * 0.809), 1.5rem);\">B\u1ea1n \u0111\u00e3 c\u00f3 ch\u1ee9ng ch\u1ec9 ti\u1ebfng Nh\u1eadt JLPT N3, N2 nh\u01b0ng v\u1eabn th\u1ea5y \u201cb\u00ed t\u1eeb\u201d, l\u00fang t\u00fang khi s\u1eed d\u1ee5ng t\u1eeb ng\u1eef, khi vi\u1ebft email hay khi trao \u0111\u1ed5i tr\u1ef1c ti\u1ebfp v\u1edbi c\u1ea5p tr\u00ean hay kh\u00e1ch h\u00e0ng ng\u01b0\u1eddi Nh\u1eadt? C\u00f3 l\u1ebd \u0111\u00e2y l\u00e0 v\u1ea5n \u0111\u1ec1 chung c\u1ee7a r\u1ea5t nhi\u1ec1u ng\u01b0\u1eddi \u0111i l\u00e0m trong m\u00f4i tr\u01b0\u1eddng c\u00f4ng ty Nh\u1eadt \u2013 b\u1edfi h\u1ecdc \u0111\u1ec3 thi v\u00e0 h\u1ecdc \u0111\u1ec3 \u1ee9ng d\u1ee5ng v\u00e0o c\u00f4ng vi\u1ec7c l\u00e0 hai chuy\u1ec7n r\u1ea5t kh\u00e1c nhau.<\/p>\n\n\n\n<p class=\"has-text-color has-link-color has-manrope-font-family wp-elements-9d13198900f38d117a329751e81a95ff\" style=\"color:#323232;font-size:clamp(0.984rem, 0.984rem + ((1vw - 0.2rem) * 0.809), 1.5rem);\">M\u00ecnh c\u0169ng t\u1eebng tr\u1ea3i qua giai \u0111o\u1ea1n kh\u00f3 kh\u0103n \u0111\u00f3. D\u00f9 \u0111\u1ea1t \u0111\u01b0\u1ee3c ch\u1ee9ng ch\u1ec9 N2, r\u1ed3i N1, nh\u01b0ng c\u00f3 nhi\u1ec1u l\u00fac m\u00ecnh v\u1eabn kh\u00f4ng th\u1ec3 t\u1ef1 tin giao ti\u1ebfp trong c\u00f4ng vi\u1ec7c, lo l\u1eafng kh\u00f4ng bi\u1ebft m\u00ecnh d\u00f9ng t\u1eeb c\u00f3 \u0111\u00fang kh\u00f4ng, c\u00f3 b\u1ecb th\u1ea5t l\u1ec5 kh\u00f4ng.<\/p>\n\n\n\n<p class=\"has-text-color has-link-color has-manrope-font-family wp-elements-917365e02672dee34d59bc1de383359f\" style=\"color:#323232;margin-top:15px;font-size:clamp(0.984rem, 0.984rem + ((1vw - 0.2rem) * 0.809), 1.5rem);\">V\u00ec v\u1eady m\u00ecnh l\u1eadp n\u00ean trang <strong>Hataraki Nihongo &#8211; Ti\u1ebfng Nh\u1eadt Business<\/strong> \u0111\u1ec3 t\u1ed5ng h\u1ee3p l\u1ea1i ki\u1ebfn th\u1ee9c m\u00ecnh \u0111\u00e3 h\u1ecdc \u0111\u01b0\u1ee3c v\u00e0 c\u0169ng l\u00e0 \u0111\u1ec3 chia s\u1ebb v\u1edbi c\u1ed9ng \u0111\u1ed3ng h\u1ecdc ti\u1ebfng Nh\u1eadt, v\u1edbi nh\u1eefng ai mong mu\u1ed1n c\u00f3 th\u1ec3 s\u1eed d\u1ee5ng ti\u1ebfng Nh\u1eadt th\u00e0nh th\u1ea1o trong c\u00f4ng vi\u1ec7c. N\u1ed9i dung s\u1ebd t\u1eadp trung v\u00e0o c\u00e1c ph\u1ea7n ch\u00ednh sau.<\/p>\n\n\n\n<div class=\"wp-block-group is-layout-flow wp-block-group-is-layout-flow\" style=\"margin-top:15px\">\n<h2 class=\"wp-block-heading has-text-color has-link-color has-merriweather-font-family wp-elements-7df45818f875185e7886de341d4e6352\" style=\"color:#323232;font-size:clamp(0.984rem, 0.984rem + ((1vw - 0.2rem) * 0.809), 1.5rem);\">1. T\u1eeb v\u1ef1ng ti\u1ebfng Nh\u1eadt Business<\/h2>\n\n\n\n<p class=\"has-text-color has-link-color has-manrope-font-family wp-elements-f15b9189f017cbd0492b710a1aea669f\" style=\"color:#323232;margin-top:5px;margin-bottom:5px;font-size:clamp(0.984rem, 0.984rem + ((1vw - 0.2rem) * 0.809), 1.5rem);text-decoration:underline\"><a href=\"https:\/\/hatarakinihongo.com\/?page_id=1631\">[Kh\u00e1m ph\u00e1 chi ti\u1ebft t\u1ea1i \u0111\u00e2y]<\/a><\/p>\n\n\n\n<ul class=\"wp-block-list has-manrope-font-family\">\n<li>T\u1ed5ng h\u1ee3p t\u1eeb v\u1ef1ng th\u01b0\u1eddng g\u1eb7p trong mail, h\u1ecdp v\u00e0 b\u00e1o c\u00e1o c\u00f4ng vi\u1ec7c.<\/li>\n\n\n\n<li>T\u1eeb \u0111\u01b0\u1ee3c ch\u1ecdn l\u1ecdc theo t\u00ednh \u1ee9ng d\u1ee5ng cao<\/li>\n\n\n\n<li>C\u00f3 c\u00e2u v\u00ed d\u1ee5 th\u1ef1c t\u1ebf \u0111\u1ec3 b\u1ea1n h\u00ecnh dung r\u00f5 r\u00e0ng v\u00e0 \u00e1p d\u1ee5ng ngay.<\/li>\n<\/ul>\n<\/div>\n\n\n\n\n\n<div class=\"wp-block-group is-layout-flow wp-block-group-is-layout-flow\" style=\"margin-top:15px\">\n<h2 class=\"wp-block-heading has-text-color has-link-color has-merriweather-font-family wp-elements-a22bfe1b23f4ba47918d973cfa2eba5a\" style=\"color:#323232;font-size:clamp(0.984rem, 0.984rem + ((1vw - 0.2rem) * 0.809), 1.5rem);\">2. C\u00e1ch vi\u1ebft mail ti\u1ebfng Nh\u1eadt chu\u1ea9n business<\/h2>\n\n\n\n<p class=\"has-text-color has-link-color has-manrope-font-family wp-elements-b775bb2bb6aa26ba4b6529ff56beea8e\" style=\"color:#323232;margin-top:5px;margin-bottom:5px;font-size:clamp(0.984rem, 0.984rem + ((1vw - 0.2rem) * 0.809), 1.5rem);text-decoration:underline\"><a href=\"https:\/\/hatarakinihongo.com\/?page_id=1915\">[Kh\u00e1m ph\u00e1 chi ti\u1ebft t\u1ea1i \u0111\u00e2y]<\/a><\/p>\n\n\n\n<ul class=\"wp-block-list has-manrope-font-family\">\n<li>H\u01b0\u1edbng d\u1eabn c\u1ea5u tr\u00fac mail c\u00f4ng vi\u1ec7c: m\u1edf \u0111\u1ea7u, n\u1ed9i dung, k\u1ebft th\u00fac.<\/li>\n\n\n\n<li>C\u00e1ch vi\u1ebft email theo t\u1eebng t\u00ecnh hu\u1ed1ng c\u1ee5 th\u1ec3<\/li>\n\n\n\n<li>Cung c\u1ea5p m\u1eabu c\u00e2u v\u00e0 m\u1eabu mail c\u00f3 th\u1ec3 \u00e1p d\u1ee5ng ngay trong c\u00f4ng vi\u1ec7c th\u1ef1c t\u1ebf<\/li>\n<\/ul>\n<\/div>\n\n\n\n<p class=\"has-text-color has-link-color has-manrope-font-family wp-elements-631709efce2f457fe45b3aa5597d0702\" style=\"color:#323232;margin-top:15px;margin-bottom:var(--wp--preset--spacing--40);font-size:clamp(0.984rem, 0.984rem + ((1vw - 0.2rem) * 0.809), 1.5rem);\"><span class=\"wp-rich-text-font-awesome-icon wp-font-awesome-icon\"><svg aria-hidden=\"true\" focusable=\"false\" data-prefix=\"fas\" data-icon=\"sun\" class=\"svg-inline--fa fa-sun \" role=\"img\" xmlns=\"http:\/\/www.w3.org\/2000\/svg\" viewBox=\"0 0 576 512\" color=\"#FFEE58\"><path fill=\"currentColor\" d=\"M178.2-10.1c7.4-3.1 15.8-2.2 22.5 2.2l87.8 58.2 87.8-58.2c6.7-4.4 15.1-5.2 22.5-2.2S411.4-.5 413 7.3l20.9 103.2 103.2 20.9c7.8 1.6 14.4 7 17.4 14.3s2.2 15.8-2.2 22.5l-58.2 87.8 58.2 87.8c4.4 6.7 5.2 15.1 2.2 22.5s-9.6 12.8-17.4 14.3L433.8 401.4 413 504.7c-1.6 7.8-7 14.4-14.3 17.4s-15.8 2.2-22.5-2.2l-87.8-58.2-87.8 58.2c-6.7 4.4-15.1 5.2-22.5 2.2s-12.8-9.6-14.3-17.4L143 401.4 39.7 380.5c-7.8-1.6-14.4-7-17.4-14.3s-2.2-15.8 2.2-22.5L82.7 256 24.5 168.2c-4.4-6.7-5.2-15.1-2.2-22.5s9.6-12.8 17.4-14.3L143 110.6 163.9 7.3c1.6-7.8 7-14.4 14.3-17.4zM207.6 256a80.4 80.4 0 1 1 160.8 0 80.4 80.4 0 1 1 -160.8 0zm208.8 0a128.4 128.4 0 1 0 -256.8 0 128.4 128.4 0 1 0 256.8 0z\"><\/path><\/svg><\/span>N\u1ebfu b\u1ea1n \u0111ang g\u1eb7p kh\u00f3 kh\u0103n khi s\u1eed d\u1ee5ng ti\u1ebfng Nh\u1eadt trong c\u00f4ng vi\u1ec7c hay mu\u1ed1n t\u00ecm t\u00e0i li\u1ec7u h\u1ecdc ti\u1ebfng Nh\u1eadt business, b\u1ea1n c\u00f3 th\u1ec3 gh\u00e9 qua trang Hataraki Nihongo nha.<br>Hy v\u1ecdng n\u1ed9i dung chia s\u1ebb c\u00f3 th\u1ec3 gi\u00fap \u00edch \u0111\u01b0\u1ee3c ph\u1ea7n nh\u1ecf n\u00e0o \u0111\u00f3 tr\u00ean con \u0111\u01b0\u1eddng chinh ph\u1ee5c ti\u1ebfng Nh\u1eadt c\u1ee7a b\u1ea1n. <span class=\"wp-rich-text-font-awesome-icon wp-font-awesome-icon\"><svg aria-hidden=\"true\" focusable=\"false\" data-prefix=\"fas\" data-icon=\"star\" class=\"svg-inline--fa fa-star \" role=\"img\" xmlns=\"http:\/\/www.w3.org\/2000\/svg\" viewBox=\"0 0 576 512\" color=\"#FFEE58\"><path fill=\"currentColor\" d=\"M309.5-18.9c-4.1-8-12.4-13.1-21.4-13.1s-17.3 5.1-21.4 13.1L193.1 125.3 33.2 150.7c-8.9 1.4-16.3 7.7-19.1 16.3s-.5 18 5.8 24.4l114.4 114.5-25.2 159.9c-1.4 8.9 2.3 17.9 9.6 23.2s16.9 6.1 25 2L288.1 417.6 432.4 491c8 4.1 17.7 3.3 25-2s11-14.2 9.6-23.2L441.7 305.9 556.1 191.4c6.4-6.4 8.6-15.8 5.8-24.4s-10.1-14.9-19.1-16.3L383 125.3 309.5-18.9z\"><\/path><\/svg><\/span><\/p>\n<\/div>\n<\/div>\n","protected":false},"excerpt":{"rendered":"<p>Ti\u1ebfng Nh\u1eadt business B\u1ea1n \u0111\u00e3 c\u00f3 ch\u1ee9ng ch\u1ec9 ti\u1ebfng Nh\u1eadt JLPT N3, N2 nh\u01b0ng v\u1eabn th\u1ea5y \u201cb\u00ed t\u1eeb\u201d, l\u00fang t\u00fang khi s\u1eed d\u1ee5ng t\u1eeb ng\u1eef, khi vi\u1ebft email hay khi trao \u0111\u1ed5i tr\u1ef1c ti\u1ebfp v\u1edbi c\u1ea5p tr\u00ean hay kh\u00e1ch h\u00e0ng ng\u01b0\u1eddi Nh\u1eadt? C\u00f3 l\u1ebd \u0111\u00e2y l\u00e0 v\u1ea5n \u0111\u1ec1 chung c\u1ee7a r\u1ea5t nhi\u1ec1u ng\u01b0\u1eddi \u0111i l\u00e0m [&hellip;]<\/p>\n","protected":false},"author":1,"featured_media":0,"parent":0,"menu_order":0,"comment_status":"closed","ping_status":"closed","template":"page-no-title","meta":{"footnotes":"[]"},"class_list":["post-89","page","type-page","status-publish","hentry"],"yoast_head":"<!-- This site is optimized with the Yoast SEO plugin v26.4 - https:\/\/yoast.com\/wordpress\/plugins\/seo\/ -->\n<title>Ti\u1ebfng Nh\u1eadt business - Hataraki Nihongo<\/title>\n<meta name=\"description\" content=\"Ti\u1ebfng Nh\u1eadt business - Trang t\u1ed5ng h\u1ee3p t\u1eeb v\u1ef1ng ti\u1ebfng Nh\u1eadt business, c\u00e1c m\u1eabu ng\u1eef ph\u00e1p th\u00f4ng d\u1ee5ng v\u00e0 c\u00e1ch vi\u1ebft mail ti\u1ebfng Nh\u1eadt chu\u1ea9n business.\" \/>\n<meta name=\"robots\" content=\"noindex, follow, max-snippet:-1, max-image-preview:large, max-video-preview:-1\" \/>\n<meta property=\"og:locale\" content=\"en_US\" \/>\n<meta property=\"og:type\" content=\"article\" \/>\n<meta property=\"og:title\" content=\"Ti\u1ebfng Nh\u1eadt business - Hataraki Nihongo\" \/>\n<meta property=\"og:description\" content=\"Ti\u1ebfng Nh\u1eadt business - Trang t\u1ed5ng h\u1ee3p t\u1eeb v\u1ef1ng ti\u1ebfng Nh\u1eadt business, c\u00e1c m\u1eabu ng\u1eef ph\u00e1p th\u00f4ng d\u1ee5ng v\u00e0 c\u00e1ch vi\u1ebft mail ti\u1ebfng Nh\u1eadt chu\u1ea9n business.\" \/>\n<meta property=\"og:url\" content=\"https:\/\/hatarakinihongo.com\/?page_id=89\" \/>\n<meta property=\"og:site_name\" content=\"Hataraki Nihongo\" \/>\n<meta property=\"article:modified_time\" content=\"2025-12-10T15:52:17+00:00\" \/>\n<meta name=\"twitter:card\" content=\"summary_large_image\" \/>\n<meta name=\"twitter:label1\" content=\"Est. reading time\" \/>\n\t<meta name=\"twitter:data1\" content=\"2 minutes\" \/>\n<script type=\"application\/ld+json\" class=\"yoast-schema-graph\">{\"@context\":\"https:\/\/schema.org\",\"@graph\":[{\"@type\":\"WebPage\",\"@id\":\"https:\/\/hatarakinihongo.com\/?page_id=89\",\"url\":\"https:\/\/hatarakinihongo.com\/?page_id=89\",\"name\":\"Ti\u1ebfng Nh\u1eadt business - Hataraki Nihongo\",\"isPartOf\":{\"@id\":\"https:\/\/hatarakinihongo.com\/#website\"},\"datePublished\":\"2025-11-04T22:44:46+00:00\",\"dateModified\":\"2025-12-10T15:52:17+00:00\",\"description\":\"Ti\u1ebfng Nh\u1eadt business - Trang t\u1ed5ng h\u1ee3p t\u1eeb v\u1ef1ng ti\u1ebfng Nh\u1eadt business, c\u00e1c m\u1eabu ng\u1eef ph\u00e1p th\u00f4ng d\u1ee5ng v\u00e0 c\u00e1ch vi\u1ebft mail ti\u1ebfng Nh\u1eadt chu\u1ea9n business.\",\"breadcrumb\":{\"@id\":\"https:\/\/hatarakinihongo.com\/?page_id=89#breadcrumb\"},\"inLanguage\":\"en-US\",\"potentialAction\":[{\"@type\":\"ReadAction\",\"target\":[\"https:\/\/hatarakinihongo.com\/?page_id=89\"]}]},{\"@type\":\"BreadcrumbList\",\"@id\":\"https:\/\/hatarakinihongo.com\/?page_id=89#breadcrumb\",\"itemListElement\":[{\"@type\":\"ListItem\",\"position\":1,\"name\":\"Home\",\"item\":\"https:\/\/hatarakinihongo.com\/\"},{\"@type\":\"ListItem\",\"position\":2,\"name\":\"Ti\u1ebfng Nh\u1eadt business\"}]},{\"@type\":\"WebSite\",\"@id\":\"https:\/\/hatarakinihongo.com\/#website\",\"url\":\"https:\/\/hatarakinihongo.com\/\",\"name\":\"Hataraki Nihongo\",\"description\":\"\u4e00\u7dd2\u306b\u65e5\u672c\u8a9e\u3092\u5b66\u3073\u307e\u3057\u3087\u3046\u3002&lt;br&gt;\u4eca\u65e5\u306e\u4ed5\u4e8b\u306b\u81ea\u4fe1\u3092\u3001\u660e\u65e5\u306e\u672a\u6765\u306b\u5e0c\u671b\u3092\",\"publisher\":{\"@id\":\"https:\/\/hatarakinihongo.com\/#organization\"},\"potentialAction\":[{\"@type\":\"SearchAction\",\"target\":{\"@type\":\"EntryPoint\",\"urlTemplate\":\"https:\/\/hatarakinihongo.com\/?s={search_term_string}\"},\"query-input\":{\"@type\":\"PropertyValueSpecification\",\"valueRequired\":true,\"valueName\":\"search_term_string\"}}],\"inLanguage\":\"en-US\"},{\"@type\":\"Organization\",\"@id\":\"https:\/\/hatarakinihongo.com\/#organization\",\"name\":\"Hataraki Nihongo\",\"url\":\"https:\/\/hatarakinihongo.com\/\",\"logo\":{\"@type\":\"ImageObject\",\"inLanguage\":\"en-US\",\"@id\":\"https:\/\/hatarakinihongo.com\/#\/schema\/logo\/image\/\",\"url\":\"https:\/\/hatarakinihongo.com\/wp-content\/uploads\/2025\/11\/HATARAKI-NIHONGO_FB_Logo.png\",\"contentUrl\":\"https:\/\/hatarakinihongo.com\/wp-content\/uploads\/2025\/11\/HATARAKI-NIHONGO_FB_Logo.png\",\"width\":500,\"height\":500,\"caption\":\"Hataraki Nihongo\"},\"image\":{\"@id\":\"https:\/\/hatarakinihongo.com\/#\/schema\/logo\/image\/\"}}]}<\/script>\n<!-- \/ Yoast SEO plugin. -->","yoast_head_json":{"title":"Ti\u1ebfng Nh\u1eadt business - Hataraki Nihongo","description":"Ti\u1ebfng Nh\u1eadt business - Trang t\u1ed5ng h\u1ee3p t\u1eeb v\u1ef1ng ti\u1ebfng Nh\u1eadt business, c\u00e1c m\u1eabu ng\u1eef ph\u00e1p th\u00f4ng d\u1ee5ng v\u00e0 c\u00e1ch vi\u1ebft mail ti\u1ebfng Nh\u1eadt chu\u1ea9n business.","robots":{"index":"noindex","follow":"follow","max-snippet":"max-snippet:-1","max-image-preview":"max-image-preview:large","max-video-preview":"max-video-preview:-1"},"og_locale":"en_US","og_type":"article","og_title":"Ti\u1ebfng Nh\u1eadt business - Hataraki Nihongo","og_description":"Ti\u1ebfng Nh\u1eadt business - Trang t\u1ed5ng h\u1ee3p t\u1eeb v\u1ef1ng ti\u1ebfng Nh\u1eadt business, c\u00e1c m\u1eabu ng\u1eef ph\u00e1p th\u00f4ng d\u1ee5ng v\u00e0 c\u00e1ch vi\u1ebft mail ti\u1ebfng Nh\u1eadt chu\u1ea9n business.","og_url":"https:\/\/hatarakinihongo.com\/?page_id=89","og_site_name":"Hataraki Nihongo","article_modified_time":"2025-12-10T15:52:17+00:00","twitter_card":"summary_large_image","twitter_misc":{"Est. reading time":"2 minutes"},"schema":{"@context":"https:\/\/schema.org","@graph":[{"@type":"WebPage","@id":"https:\/\/hatarakinihongo.com\/?page_id=89","url":"https:\/\/hatarakinihongo.com\/?page_id=89","name":"Ti\u1ebfng Nh\u1eadt business - Hataraki Nihongo","isPartOf":{"@id":"https:\/\/hatarakinihongo.com\/#website"},"datePublished":"2025-11-04T22:44:46+00:00","dateModified":"2025-12-10T15:52:17+00:00","description":"Ti\u1ebfng Nh\u1eadt business - Trang t\u1ed5ng h\u1ee3p t\u1eeb v\u1ef1ng ti\u1ebfng Nh\u1eadt business, c\u00e1c m\u1eabu ng\u1eef ph\u00e1p th\u00f4ng d\u1ee5ng v\u00e0 c\u00e1ch vi\u1ebft mail ti\u1ebfng Nh\u1eadt chu\u1ea9n business.","breadcrumb":{"@id":"https:\/\/hatarakinihongo.com\/?page_id=89#breadcrumb"},"inLanguage":"en-US","potentialAction":[{"@type":"ReadAction","target":["https:\/\/hatarakinihongo.com\/?page_id=89"]}]},{"@type":"BreadcrumbList","@id":"https:\/\/hatarakinihongo.com\/?page_id=89#breadcrumb","itemListElement":[{"@type":"ListItem","position":1,"name":"Home","item":"https:\/\/hatarakinihongo.com\/"},{"@type":"ListItem","position":2,"name":"Ti\u1ebfng Nh\u1eadt business"}]},{"@type":"WebSite","@id":"https:\/\/hatarakinihongo.com\/#website","url":"https:\/\/hatarakinihongo.com\/","name":"Hataraki Nihongo","description":"\u4e00\u7dd2\u306b\u65e5\u672c\u8a9e\u3092\u5b66\u3073\u307e\u3057\u3087\u3046\u3002&lt;br&gt;\u4eca\u65e5\u306e\u4ed5\u4e8b\u306b\u81ea\u4fe1\u3092\u3001\u660e\u65e5\u306e\u672a\u6765\u306b\u5e0c\u671b\u3092","publisher":{"@id":"https:\/\/hatarakinihongo.com\/#organization"},"potentialAction":[{"@type":"SearchAction","target":{"@type":"EntryPoint","urlTemplate":"https:\/\/hatarakinihongo.com\/?s={search_term_string}"},"query-input":{"@type":"PropertyValueSpecification","valueRequired":true,"valueName":"search_term_string"}}],"inLanguage":"en-US"},{"@type":"Organization","@id":"https:\/\/hatarakinihongo.com\/#organization","name":"Hataraki Nihongo","url":"https:\/\/hatarakinihongo.com\/","logo":{"@type":"ImageObject","inLanguage":"en-US","@id":"https:\/\/hatarakinihongo.com\/#\/schema\/logo\/image\/","url":"https:\/\/hatarakinihongo.com\/wp-content\/uploads\/2025\/11\/HATARAKI-NIHONGO_FB_Logo.png","contentUrl":"https:\/\/hatarakinihongo.com\/wp-content\/uploads\/2025\/11\/HATARAKI-NIHONGO_FB_Logo.png","width":500,"height":500,"caption":"Hataraki Nihongo"},"image":{"@id":"https:\/\/hatarakinihongo.com\/#\/schema\/logo\/image\/"}}]}},"_links":{"self":[{"href":"https:\/\/hatarakinihongo.com\/index.php?rest_route=\/wp\/v2\/pages\/89","targetHints":{"allow":["GET"]}}],"collection":[{"href":"https:\/\/hatarakinihongo.com\/index.php?rest_route=\/wp\/v2\/pages"}],"about":[{"href":"https:\/\/hatarakinihongo.com\/index.php?rest_route=\/wp\/v2\/types\/page"}],"author":[{"embeddable":true,"href":"https:\/\/hatarakinihongo.com\/index.php?rest_route=\/wp\/v2\/users\/1"}],"replies":[{"embeddable":true,"href":"https:\/\/hatarakinihongo.com\/index.php?rest_route=%2Fwp%2Fv2%2Fcomments&post=89"}],"version-history":[{"count":45,"href":"https:\/\/hatarakinihongo.com\/index.php?rest_route=\/wp\/v2\/pages\/89\/revisions"}],"predecessor-version":[{"id":1974,"href":"https:\/\/hatarakinihongo.com\/index.php?rest_route=\/wp\/v2\/pages\/89\/revisions\/1974"}],"wp:attachment":[{"href":"https:\/\/hatarakinihongo.com\/index.php?rest_route=%2Fwp%2Fv2%2Fmedia&parent=89"}],"curies":[{"name":"wp","href":"https:\/\/api.w.org\/{rel}","templated":true}]}}